n d(9) is divided by 13.
11
Suppose 3*d - 3*u - 525 = 0, -2*d = 4*u - 260 - 96. Let z = -118 + d. Let n = z + -16. What is the remainder when n is divided by 11?
9
Suppose 6*r - 3*r - 84 = 0. Suppose 148 + 552 = 4*a. Let w = a + -122. Calculate the remainder when w is divided by r.
25
Let f(u) = 2*u**2 - 5*u - 3. Let l be f(5). Suppose 3 - l = -2*o - 5*n, 4*o = 2*n + 26. What is the remainder when 20 is divided by o?
6
Let g be (1/2)/((-6)/(-24)). What is the remainder when 29 is divided by (-135)/(-10) - (-3)/g?
14
Let n be (-6)/(-4)*(3 + 1). Suppose 0 = -4*g - p + 53, -p = n - 3. Calculate the remainder when g is divided by 9.
5
Let o(r) = -r**3 + 4*r**2 + 21*r + 8. Let h be o(7). Let d be 99/12 - (-2)/(-8). Suppose 7*u = h*u - d. Calculate the remainder when 23 is divided by u.
7
Suppose -4*f = -303 + 79. What is the remainder when f is divided by 6?
2
Suppose t + 103 = -0*u + 4*u, 3*u = t + 76. Calculate the remainder when 69 is divided by u.
15
Suppose 5 = -2*y + 4*k - 25, 2*y + k = -20. Let c = -5 - y. Calculate the remainder when 10 is divided by c.
4
Let h = 163 - 136. Suppose z - 26 = -4*j - z, 0 = -3*j + z + h. Let o(a) = a**3 + a**2 + 13. What is the remainder when o(0) is divided by j?
5
Suppose -5*m + 36 = -o - 8, 16 = 3*m + 2*o. What is the remainder when 16 is divided by m?
0
Let d = -11 + 15. Suppose -h = -d*p + 1, h + 0*p + p = 9. Let z(u) = -u**2 + 7*u + 7. Calculate the remainder when 11 is divided by z(h).
4
Let z be (2/4)/((-2)/24). Let n = 23 + z. What is the remainder when n/(1 - 2 - -2) is divided by 9?
8
Let n(o) = o**2 - 6*o + 5. Let l be n(9). Suppose c + 4*m = 39, 4*c - 3*m - l = 48. Suppose 2*z - 94 = 38. Calculate the remainder when z is divided by c.
20
Suppose 6 = 10*x - 104. Suppose 5*l + 7 - 37 = 0. Let n = 10 - l. What is the remainder when x is divided by n?
3
Let h = -84 - -92. What is the remainder when (-4)/(-6) - 134/(-6) is divided by h?
7
Let u(n) = -78*n - 524. What is the remainder when 118 is divided by u(-7)?
8
Suppose -201*o + 224*o - 16675 = 0. What is the remainder when o is divided by 52?
49
Let q be 7 + -10 + 1*2. What is the remainder when 37 is divided by (-36)/(-60)*(36 + q)?
16
Let h(o) = o**3 - 3*o**2 + 2*o - 1. Let r be h(3). Suppose 0 = 10*g - r*g - 5. Calculate the remainder when 62 is divided by (9 - (-1 + g)) + 4.
10
Let r(a) = 3*a**2 + 7*a + 5. Suppose 0 = -5*z + 4 - 49. Let g be (-7 - z) + -2 + -5. Calculate the remainder when r(g) is divided by 16.
13
Suppose 4*w + 5*w = 189. Let b be 2/5 - 884/85. Let i = b + w. What is the remainder when i is divided by 7?
4
Let b = 152 - 134. Calculate the remainder when -33*(0 + 1)*-1 is divided by b.
15
Let f be (5 - 8) + 1*5. Suppose -4*h + 54 = -f*h. Suppose -2*t + 32 = -4*v, 3*t + 3*v - 38 = -v. What is the remainder when h is divided by t?
13
Let c(l) be the first derivative of l**4/4 - 8*l**3/3 - l**2/2 - l - 4. Let f be c(8). Calculate the remainder when 73 is divided by 114/f*(-9)/6.
16
Let o(w) be the second derivative of -w**4/12 + 13*w**3/6 + 16*w**2 + 4*w. Calculate the remainder when o(14) is divided by 4.
2
Calculate the remainder when 9 is divided by 121/(-11)*(-6)/11.
3
Let d = -624 + 692. Calculate the remainder when 128 is divided by d.
60
Suppose -r = 4*r - 55. Suppose r*t = 3*t - 352. Let l = t + 132. What is the remainder when l is divided by 30?
28
Suppose 2*m = m + 15. Let a = 2 - 2. Suppose a*l - 56 = -2*l. What is the remainder when l is divided by m?
13
Let o(x) = -2*x**2 + 11*x + 9. Let b be o(6). Suppose -b*i + 50 = -202. What is the remainder when i is divided by 17?
16
Suppose -5*z + 10 = -2*o - 45, -4*o - 33 = -3*z. Suppose -z*i = -i - 290. What is the remainder when 115 is divided by i?
28
Let o(w) = -w**3 - 22*w**2 - 23*w - 37. Let y be o(-21). Suppose 755 = y*p - 0*p. Calculate the remainder when p is divided by 22.
19
Let z be (2 + 8/(-3))*-21. Suppose -4*a - u = -0 - 18, -4*a - 3*u + z = 0. What is the remainder when 2/4*338/13 is divided by a?
3
Let a(g) be the third derivative of -g**5/60 - 13*g**4/24 - 4*g**3 - 15*g**2. What is the remainder when a(-7) is divided by 3?
0
Let x = -300 - -388. Calculate the remainder when 701 is divided by x.
85
Let u be 14/(-2)*2/2. Let l(b) = b. Let f(i) = -i**3 - 9*i**2 - 4*i - 2. Let z(p) = -f(p) + 6*l(p). Calculate the remainder when z(u) is divided by 16.
14
Let m be (5 - 3)/((-3)/30). Let w(q) = q + 30. What is the remainder when 2 + (-4 - -2) - -17 is divided by w(m)?
7
Let w(j) = j. Let p be w(3). Suppose 2*i - a - 28 = 0, p*i + 5*a = 3*a + 28. Let k(v) = v**2 - 12*v + 15. Calculate the remainder when 57 is divided by k(i).
12
Let d = 78 + -65. What is the remainder when 45 is divided by d?
6
Let v(t) = 2*t + 5. Let m be v(-11). Let b = m - -26. Suppose 4*o = 3*o + b. Calculate the remainder when 35 is divided by o.
8
Suppose -9*t + 4*t = -130. Calculate the remainder when 152 is divided by t.
22
Let a(h) = 2*h**2 + 5*h - 13. Let r = -45 + 38. Calculate the remainder when a(r) is divided by 17.
16
Suppose -123 = -2*l + l. Suppose -h + 23 = -l. Calculate the remainder when h is divided by 21.
20
Suppose t - 5*k - 72 = 0, -94 - 138 = -3*t - k. Suppose t - 17 = 5*u. Calculate the remainder when 46 is divided by u.
10
Let q(y) = -253*y**2 + 3*y - 2. Let u be q(1). Let b = 356 + u. Calculate the remainder when b is divided by 35.
34
Suppose -170*g - 198 = -176*g. Calculate the remainder when 96 is divided by g.
30
Let d = 90 + -87. Suppose -d*p = 3*f - 42, -3*f = -2*p + 3*p - 32. Calculate the remainder when f is divided by 3.
0
Let c(d) = d**2 + 9*d - 19. Let k be c(-11). Suppose k*p = 6*p - m - 17, -4*m = -p - 9. What is the remainder when 33 is divided by p?
5
Suppose 5*a - 16 = -3*z, 0 = -5*a - 4*z + 2 + 16. Suppose 0 = 2*j + h - 218, 0 = -a*j - 2*h - 2*h + 218. What is the remainder when j is divided by 16?
13
Let i be 8*(8/36 + (-5)/(-18)). Suppose -i*c - 2*h - 2*h + 64 = 0, -4*h = 20. What is the remainder when 79 is divided by c?
16
Let a(o) = 3 + 3*o**2 - 2*o + 2*o**2 - 4*o**2. Suppose i + 9 = 2*q, -3*q - i + 48 = 37. What is the remainder when a(q) is divided by 6?
5
Suppose -5*o + o = 64. Let q = -5 + o. Calculate the remainder when 35 is divided by ((-12)/(-7))/((-6)/q).
5
Suppose -255 = -15*u + 345. Calculate the remainder when 76 is divided by u.
36
Let m = 326 + -184. Suppose 3*r + 31 = m. What is the remainder when 108 is divided by r?
34
Let z(o) = o + 19. Suppose 5*w + 4*g + 4 = 2*w, -5*w + 2*g + 28 = 0. Calculate the remainder when z(0) is divided by (w/(-2))/(9/(-45)).
9
Let i(r) = -r. Let f be i(-5). Suppose 3*u - y - 11 = u, 0 = f*u + y - 17. Let q = -6 + 17. Calculate the remainder when q is divided by u.
3
Let g be 240/((-8)/((-16)/3)). Suppose -3*k + g = 5*k. Calculate the remainder when 59 is divided by k.
19
Let b(f) = -3*f - 30. Let y be -1 + 4*-2 - -3. Let p(v) = 2*v + 30. Let z(d) = y*p(d) - 5*b(d). What is the remainder when 16 is divided by z(12)?
4
Suppose -2*o + 104 = -6*o. Let h = -12 - o. Let l = 68 + -27. Calculate the remainder when l is divided by h.
13
Let z be 39*(-1 - (-8)/6) + 3. Suppose 1414 = z*r - 9*r. What is the remainder when r is divided by 51?
49
Let a = -120 - -381. What is the remainder when a is divided by 24?
21
Let u be 0/1*(-9)/((-126)/7). Suppose 5*k + 5*a - 535 = u, a = -4*k - 0*k + 425. Calculate the remainder when k is divided by 22.
18
Let o(w) = -4*w + 10. Let b be 2/(-4) - (-14)/(-4). Calculate the remainder when o(b) is divided by 14.
12
Suppose 0 = 4*i - 3*k - 22, 4*k = 234*i - 236*i. What is the remainder when 141 is divided by i?
1
Suppose -j = 4*j - 120. Suppose -j - 96 = -5*w. What is the remainder when 143 is divided by w?
23
Let y = -29 + 57. Calculate the remainder when y is divided by (-3365)/(-225) - 16/(-360).
13
Let q(i) = i**2 - 5*i - 19. Let v be q(14). Suppose 3*y - a = 203, -2*y = 4*a - 33 - v. What is the remainder when y is divided by ((-322)/28)/((-1)/2)?
22
Let f(s) = -s**2 - 36*s - 253. What is the remainder when 654 is divided by f(-11)?
16
Suppose -2*o = -4 - 0. Suppose -l - o*l = 0. Suppose l = 7*p - 2*p + 2*v - 53, p - 4*v = -7. Calculate the remainder when p is divided by 6.
3
Suppose -z - 3 = -5*t, -z - z = -t - 3. Suppose z*k = 5*k - 15. Suppose -k*l + 25 = -120. Calculate 